{"id":299,"date":"2023-06-28T18:03:00","date_gmt":"2023-06-28T16:03:00","guid":{"rendered":"http:\/\/colin-avocate.com\/?page_id=299"},"modified":"2023-07-12T12:36:51","modified_gmt":"2023-07-12T10:36:51","slug":"accueil-3","status":"publish","type":"page","link":"https:\/\/colin-avocate.com\/index.php\/accueil-3\/","title":{"rendered":"Mentions l\u00e9gales"},"content":{"rendered":"<p>[et_pb_section fb_built=\u00a0\u00bb1&Prime; _builder_version=\u00a0\u00bb4.20.0&Prime; _module_preset=\u00a0\u00bbdefault\u00a0\u00bb global_colors_info=\u00a0\u00bb{}\u00a0\u00bb][et_pb_row _builder_version=\u00a0\u00bb4.20.0&Prime; _module_preset=\u00a0\u00bbdefault\u00a0\u00bb global_colors_info=\u00a0\u00bb{}\u00a0\u00bb][et_pb_column type=\u00a0\u00bb4_4&Prime; _builder_version=\u00a0\u00bb4.20.0&Prime; _module_preset=\u00a0\u00bbdefault\u00a0\u00bb global_colors_info=\u00a0\u00bb{}\u00a0\u00bb][et_pb_text _builder_version=\u00a0\u00bb4.20.0&Prime; _module_preset=\u00a0\u00bbdefault\u00a0\u00bb text_font=\u00a0\u00bbMontserrat||||||||\u00a0\u00bb hover_enabled=\u00a0\u00bb0&Prime; global_colors_info=\u00a0\u00bb{}\u00a0\u00bb sticky_enabled=\u00a0\u00bb0&Prime;]<\/p>\n<h1><span style=\"color: #930101;\">Mentions l\u00e9gales<\/span><\/h1>\n<p style=\"text-align: justify;\">Le pr\u00e9sent site (le \u00ab\u00a0Site\u00a0\u00bb) est \u00e9dit\u00e9 par Jos\u00e9phine Colin, avocate au\u00a0Barreau des Hauts-de Seine, domicili\u00e9e au 2, rue Fr\u00e9d\u00e9ric Passy, 92200,\u00a0Neuilly-sur-Seine \u2013 <span style=\"color: #930101;\">06.58.36.09.03<\/span>.<br \/>Le Directeur de la publication du Site est Jos\u00e9phine Colin.<\/p>\n<p style=\"text-align: justify;\">L\u2019h\u00e9bergeur du Site est :\u00a0OVH\u00a0Groupe SA, soci\u00e9t\u00e9 immatricul\u00e9e au RCS de Lille sous le\u00a0num\u00e9ro<span style=\"color: #930101;\"> 537 407 926<\/span> sise 2, rue Kellermann, 59100 Roubaix.<\/p>\n<p>[\/et_pb_text][\/et_pb_column][\/et_pb_row][\/et_pb_section]<\/p>\n","protected":false},"excerpt":{"rendered":"<p>Mentions l\u00e9gales Le pr\u00e9sent site (le \u00ab\u00a0Site\u00a0\u00bb) est \u00e9dit\u00e9 par Jos\u00e9phine Colin, avocate au\u00a0Barreau des Hauts-de Seine, domicili\u00e9e au 2, rue Fr\u00e9d\u00e9ric Passy, 92200,\u00a0Neuilly-sur-Seine \u2013 06.58.36.09.03.Le Directeur de la publication du Site est Jos\u00e9phine Colin. L\u2019h\u00e9bergeur du Site est :\u00a0OVH\u00a0Groupe SA, soci\u00e9t\u00e9 immatricul\u00e9e au RCS de Lille sous le\u00a0num\u00e9ro 537 407 926 sise 2, rue [&hellip;]<\/p>\n","protected":false},"author":1,"featured_media":0,"parent":0,"menu_order":0,"comment_status":"closed","ping_status":"closed","template":"","meta":{"_et_pb_use_builder":"on","_et_pb_old_content":"","_et_gb_content_width":"","footnotes":""},"class_list":["post-299","page","type-page","status-publish","hentry"],"_links":{"self":[{"href":"https:\/\/colin-avocate.com\/index.php\/wp-json\/wp\/v2\/pages\/299","targetHints":{"allow":["GET"]}}],"collection":[{"href":"https:\/\/colin-avocate.com\/index.php\/wp-json\/wp\/v2\/pages"}],"about":[{"href":"https:\/\/colin-avocate.com\/index.php\/wp-json\/wp\/v2\/types\/page"}],"author":[{"embeddable":true,"href":"https:\/\/colin-avocate.com\/index.php\/wp-json\/wp\/v2\/users\/1"}],"replies":[{"embeddable":true,"href":"https:\/\/colin-avocate.com\/index.php\/wp-json\/wp\/v2\/comments?post=299"}],"version-history":[{"count":12,"href":"https:\/\/colin-avocate.com\/index.php\/wp-json\/wp\/v2\/pages\/299\/revisions"}],"predecessor-version":[{"id":640,"href":"https:\/\/colin-avocate.com\/index.php\/wp-json\/wp\/v2\/pages\/299\/revisions\/640"}],"wp:attachment":[{"href":"https:\/\/colin-avocate.com\/index.php\/wp-json\/wp\/v2\/media?parent=299"}],"curies":[{"name":"wp","href":"https:\/\/api.w.org\/{rel}","templated":true}]}}